{"id":7,"date":"2026-04-12T16:12:57","date_gmt":"2026-04-12T09:12:57","guid":{"rendered":"https:\/\/okfun.limited\/?page_id=7"},"modified":"2026-04-12T16:12:57","modified_gmt":"2026-04-12T09:12:57","slug":"okfun","status":"publish","type":"page","link":"https:\/\/okfun.limited\/","title":{"rendered":"OkFun"},"content":{"rendered":"<h1 style=\"text-align: center;\">OkFun | Trang Ch\u1ee7 Ch\u00ednh Th\u1ee9c Nh\u00e0 C\u00e1i OkFun \u0110\u0103ng K\u00fd +188k<\/h1>\n","protected":false},"excerpt":{"rendered":"<p>OkFun | Trang Ch\u1ee7 Ch\u00ednh Th\u1ee9c Nh\u00e0 C\u00e1i OkFun \u0110\u0103ng K\u00fd +188k<\/p>\n","protected":false},"author":1,"featured_media":0,"parent":0,"menu_order":0,"comment_status":"closed","ping_status":"closed","template":"","meta":{"footnotes":""},"class_list":["post-7","page","type-page","status-publish","hentry"],"_links":{"self":[{"href":"https:\/\/okfun.limited\/index.php?rest_route=\/wp\/v2\/pages\/7","targetHints":{"allow":["GET"]}}],"collection":[{"href":"https:\/\/okfun.limited\/index.php?rest_route=\/wp\/v2\/pages"}],"about":[{"href":"https:\/\/okfun.limited\/index.php?rest_route=\/wp\/v2\/types\/page"}],"author":[{"embeddable":true,"href":"https:\/\/okfun.limited\/index.php?rest_route=\/wp\/v2\/users\/1"}],"replies":[{"embeddable":true,"href":"https:\/\/okfun.limited\/index.php?rest_route=%2Fwp%2Fv2%2Fcomments&post=7"}],"version-history":[{"count":1,"href":"https:\/\/okfun.limited\/index.php?rest_route=\/wp\/v2\/pages\/7\/revisions"}],"predecessor-version":[{"id":8,"href":"https:\/\/okfun.limited\/index.php?rest_route=\/wp\/v2\/pages\/7\/revisions\/8"}],"wp:attachment":[{"href":"https:\/\/okfun.limited\/index.php?rest_route=%2Fwp%2Fv2%2Fmedia&parent=7"}],"curies":[{"name":"wp","href":"https:\/\/api.w.org\/{rel}","templated":true}]}}